{"id":37,"date":"2022-11-16T11:35:48","date_gmt":"2022-11-16T11:35:48","guid":{"rendered":"https:\/\/relaunch.raschweden.de\/?page_id=37"},"modified":"2022-11-21T12:11:04","modified_gmt":"2022-11-21T12:11:04","slug":"datenschutzerklaerung","status":"publish","type":"page","link":"https:\/\/www.raschweden.de\/index.php\/datenschutzerklaerung\/","title":{"rendered":"Datenschutzerkl\u00e4rung"},"content":{"rendered":"\t\t<div data-elementor-type=\"wp-page\" data-elementor-id=\"37\" class=\"elementor elementor-37\">\n\t\t\t\t\t\t<section class=\"elementor-section elementor-top-section elementor-element elementor-element-2192f7ae elementor-section-boxed elementor-section-height-default elementor-section-height-default\" data-id=\"2192f7ae\" data-element_type=\"section\">\n\t\t\t\t\t\t<div class=\"elementor-container elementor-column-gap-default\">\n\t\t\t\t\t<div class=\"elementor-column elementor-col-100 elementor-top-column elementor-element elementor-element-2f6cae6a\" data-id=\"2f6cae6a\" data-element_type=\"column\">\n\t\t\t<div class=\"elementor-widget-wrap elementor-element-populated\">\n\t\t\t\t\t\t<div class=\"elementor-element elementor-element-12e0d6aa elementor-widget elementor-widget-text-editor\" data-id=\"12e0d6aa\" data-element_type=\"widget\" data-widget_type=\"text-editor.default\">\n\t\t\t\t<div class=\"elementor-widget-container\">\n\t\t\t\t\t\t\t<p><strong>Erhebung und Speicherung personenbezogener Daten sowie Art und Zweck von deren Verwendung<\/strong><\/p><ol><li>a) Beim Besuch der Website<\/li><\/ol><p>Beim Aufrufen meiner Website www.RASchweden.de werden durch den auf Deinem Endger\u00e4t zum Einsatz kommenden Browser automatisch Informationen an den Server meiner Website gesendet. Diese Informationen werden tempor\u00e4r in einem sog. Logfile gespeichert. Folgende Informationen werden dabei ohne Dein Zutun erfasst und bis zur automatisierten L\u00f6schung gespeichert:<\/p><ul><li>IP-Adresse des anfragenden Rechners,<\/li><li>Datum und Uhrzeit des Zugriffs,<\/li><li>Name und URL der abgerufenen Datei,<\/li><li>Website, von der aus der Zugriff erfolgt (Referrer-URL),<\/li><li>verwendeter Browser und ggf. das Betriebssystem Deines Rechners sowie der Name Deines Access-Providers.<\/li><\/ul><p>Die genannten Daten werden durch mich zu folgenden Zwecken verarbeitet:<\/p><ul><li>Gew\u00e4hrleistung eines reibungslosen Verbindungsaufbaus der Website,<\/li><li>Gew\u00e4hrleistung einer komfortablen Nutzung meiner Website,<\/li><li>Auswertung der Systemsicherheit und -stabilit\u00e4t sowie<\/li><li>Schutz vor Cyber-Kriminalit\u00e4t und Firewall-Funktion<\/li><li>zu weiteren administrativen Zwecken.<\/li><\/ul><p>Die Rechtsgrundlage f\u00fcr die Datenverarbeitung ist Art. 6 Abs. 1 S. 1 lit. f DSGVO. Mein berechtigtes Interesse folgt aus oben aufgelisteten Zwecken zur Datenerhebung. In keinem Fall verwende ich die erhobenen Daten zu dem Zweck, R\u00fcckschl\u00fcsse auf Deine Person zu ziehen.<\/p><p>Dar\u00fcber hinaus setze ich beim Besuch meiner Website Cookies sowie Analysedienste ein. N\u00e4here Erl\u00e4uterungen dazu erh\u00e4tst Du unter den Ziff. 4 und 5 dieser Datenschutzerkl\u00e4rung.<\/p><ol><li>b) Bei Nutzung meines Kontaktformulars<\/li><\/ol><p>Bei Fragen jeglicher Art biete ich Dir die M\u00f6glichkeit, mit mir \u00fcber ein auf der Website bereitgestelltes Formular Kontakt aufzunehmen. Dabei ist die Angabe einer g\u00fcltigen E-Mail-Adresse erforderlich, damit ich wei\u00df, von wem die Anfrage stammt und um diese beantworten zu k\u00f6nnen. Weitere Angaben k\u00f6nnen freiwillig get\u00e4tigt werden.<\/p><p>Die Datenverarbeitung zum Zwecke der Kontaktaufnahme mit mir erfolgt nach Art. 6 Abs. 1 S. 1 lit. a DSGVO auf Grundlage Deiner freiwillig erteilten Einwilligung.<\/p><p>Die f\u00fcr die Benutzung des Kontaktformulars von mir erhobenen personenbezogenen Daten werden nach Erledigung der von Dir gestellten Anfrage von mir gel\u00f6scht.<\/p><ol start=\"3\"><li><strong> Weitergabe von Daten<\/strong><\/li><\/ol><p>Eine \u00dcbermittlung Deiner\u00a0 pers\u00f6nlichen Daten an Dritte zu anderen als den im Folgenden aufgef\u00fchrten Zwecken findet nicht statt.<\/p><p>Ich gebe Deine pers\u00f6nlichen Daten nur an Dritte weiter, wenn:<\/p><ul><li>Du Deine nach Art. 6 Abs. 1 S. 1 lit. a DSGVO ausdr\u00fcckliche Einwilligung dazu erteilt hast,<\/li><li>die Weitergabe nach Art. 6 Abs. 1 S. 1 lit. f DSGVO zur Geltendmachung, Aus\u00fcbung oder Verteidigung von Rechtsanspr\u00fcchen erforderlich ist und kein Grund zur Annahme besteht, dass Du ein \u00fcberwiegendes schutzw\u00fcrdiges Interesse an der Nichtweitergabe Deiner Daten hast,<\/li><li>f\u00fcr den Fall, dass f\u00fcr die Weitergabe nach Art.\u00a06 Abs.\u00a01 S.\u00a01 lit.\u00a0c DSGVO eine gesetzliche Verpflichtung besteht, sowie<\/li><li>dies gesetzlich zul\u00e4ssig und nach Art. 6 Abs. 1 S. 1 lit. b DSGVO f\u00fcr die Abwicklung von Vertragsverh\u00e4ltnissen mit Dir erforderlich ist.<\/li><\/ul><ol start=\"4\"><li><strong> Cookies<\/strong><\/li><\/ol><p>Ich setze auf meiner Seite Cookies ein. Hierbei handelt es sich um kleine Dateien, die Dein Browser automatisch erstellt und die auf Deinem Endger\u00e4t (Laptop, Tablet, Smartphone o.\u00e4.) gespeichert werden, wenn Du meine Seite besuchst. Cookies richten auf Deinem Endger\u00e4t keinen Schaden an, enthalten keine Viren, Trojaner oder sonstige Schadsoftware.<\/p><p>In dem Cookie werden Informationen abgelegt, die sich jeweils im Zusammenhang mit dem spezifisch eingesetzten Endger\u00e4t ergeben. Dies bedeutet jedoch nicht, dass ich dadurch unmittelbar Kenntnis von Deiner Identit\u00e4t erhalte.<\/p><p>Der Einsatz von Cookies dient einerseits dazu, die Nutzung meines Angebotes f\u00fcr Dich angenehmer zu gestalten. So setze ich sogenannte Session-Cookies ein, um zu erkennen, dass Du einzelne Seiten meiner Website bereits besucht hast. Diese werden nach Verlassen meiner Seite automatisch gel\u00f6scht.<\/p><p>Dar\u00fcber hinaus setze ich ebenfalls zur Optimierung der Benutzerfreundlichkeit tempor\u00e4re Cookies ein, die f\u00fcr einen bestimmten festgelegten Zeitraum auf Deinem Endger\u00e4t gespeichert werden. Besuchst Du meine\u00a0 Seite erneut, um meine Dienste in Anspruch zu nehmen, wird automatisch erkannt, dass Du bereits bei uns warst und welche Eingaben und Einstellungen Du get\u00e4tigt hast, um diese nicht noch einmal eingeben zu m\u00fcssen.<\/p><p>Zum anderen setzen ich\u00a0 Cookies ein, um die Nutzung meiner Website statistisch zu erfassen und zum Zwecke der Optimierung meines\u00a0 Angebotes f\u00fcr Dich auszuwerten. Diese Cookies erm\u00f6glichen es mir, bei einem erneuten Besuch Meiner Seite automatisch zu erkennen, dass Du bereits bei mir warst. Diese Cookies werden nach einer jeweils definierten Zeit automatisch gel\u00f6scht.<\/p><p>Die durch Cookies verarbeiteten Daten sind f\u00fcr die genannten Zwecke zur Wahrung meiner berechtigten Interessen sowie der Dritter nach Art. 6 Abs. 1 S. 1 lit. f DSGVO erforderlich.<\/p><p>Die meisten Browser akzeptieren Cookies automatisch. Du kannst Deinen Browser jedoch so konfigurieren, dass keine Cookies auf Deinem Computer gespeichert werden oder stets ein Hinweis erscheint, bevor ein neuer Cookie angelegt wird. Die vollst\u00e4ndige Deaktivierung von Cookies kann jedoch dazu f\u00fchren, dass Du nicht alle Funktionen meiner Website nutzen k\u00f6nnen.<\/p><ol start=\"5\"><li><strong> Analyse-Tools<\/strong><\/li><li>a) Tracking-Tools<\/li><\/ol><p>Die im Folgenden aufgef\u00fchrten und von mir\u00a0 eingesetzten Tracking-Ma\u00dfnahmen werden auf Grundlage des Art. 6 Abs. 1 S. 1 lit. f DSGVO durchgef\u00fchrt. Mit den zum Einsatz kommenden Tracking-Ma\u00dfnahmen m\u00f6chte ich eine bedarfsgerechte Gestaltung und die fortlaufende Optimierung meiner Webseite sicherstellen. Zum anderen setze ich die Tracking-Ma\u00dfnahmen ein, um die Nutzung meiner Webseite statistisch zu erfassen und zum Zwecke der Optimierung meines Angebotes f\u00fcr Dich auszuwerten. Diese Interessen sind als berechtigt im Sinne der vorgenannten Vorschrift anzusehen.<\/p><p>Die jeweiligen Datenverarbeitungszwecke und Datenkategorien sind aus den entsprechenden Tracking-Tools zu entnehmen.<\/p><ol><li>b) Google Analytics<sup>1<\/sup><\/li><\/ol><p>Zum Zwecke der bedarfsgerechten Gestaltung und fortlaufenden Optimierung meiner Seiten nutze ich Google Analytics, ein Webanalysedienst der <strong>Google Inc<\/strong>. <a href=\"http:\/\/(https:\/www.google.de\/intl\/de\/about\/)\" target=\"_blank\" rel=\"noopener\" data-wplink-url-error=\"true\">(https:\/\/www.google.de\/intl\/de\/about\/)<\/a> (1600 Amphitheatre Parkway, Mountain View, CA 94043, USA; im Folgenden \u201eGoogle\u201c). In diesem Zusammenhang werden pseudonymisierte Nutzungsprofile erstellt und Cookies (siehe unter Ziff. 4) verwendet. Die durch den Cookie erzeugten Informationen \u00fcber Deine\u00a0 Benutzung dieser Website wie<\/p><ul><li>Browser-Typ\/-Version,<\/li><li>verwendetes Betriebssystem,<\/li><li>Referrer-URL (die zuvor besuchte Seite),<\/li><li>Hostname des zugreifenden Rechners (IP-Adresse),<\/li><li>Uhrzeit der Serveranfrage,<\/li><\/ul><p>werden an einen Server von Google in den USA \u00fcbertragen und dort gespeichert. Die Informationen werden verwendet, um die Nutzung der Website auszuwerten, um Reports \u00fcber die Websiteaktivit\u00e4ten zusammenzustellen und um weitere mit der Websitenutzung und der Internetnutzung verbundene Dienstleistungen zu Zwecken der Marktforschung und bedarfsgerechten Gestaltung dieser Internetseiten zu erbringen. Auch werden diese Informationen gegebenenfalls an Dritte \u00fcbertragen, sofern dies gesetzlich vorgeschrieben ist oder soweit Dritte diese Daten im Auftrag verarbeiten. Es wird in keinem Fall Deine\u00a0 IP-Adresse mit anderen Daten von Google zusammengef\u00fchrt. Die IP-Adressen werden anonymisiert, so dass eine Zuordnung nicht m\u00f6glich ist (IP-Masking).<\/p><p>Du kannst die Installation der Cookies durch eine entsprechende Einstellung der Browser-Software verhindern; ich weise jedoch darauf hin, dass in diesem Fall gegebenenfalls nicht s\u00e4mtliche Funktionen dieser Website vollumf\u00e4nglich genutzt werden k\u00f6nnen.<\/p><p>Du kannst dar\u00fcber hinaus die Erfassung der durch das Cookie erzeugten und auf Deine Nutzung der Website bezogenen Daten (inkl. Deiner IP-Adresse) sowie die Verarbeitung dieser Daten durch Google verhindern, indem Du einen <strong>Browser-Add-on herunterl\u00e4dst\u00a0 und installierst<\/strong> <a href=\"http:\/\/(https:\/tools.google.com\/dlpage\/gaoptout?hl=de)\" target=\"_blank\" rel=\"noopener\" data-wplink-url-error=\"true\">(https:\/\/tools.google.com\/dlpage\/gaoptout?hl=de)<\/a>.<\/p><p>Alternativ zum Browser-Add-on, insbesondere bei Browsern auf mobilen Endger\u00e4ten, kannst Du die Erfassung durch Google Analytics zudem verhindern, indem Du auf diesen Link klickst. Es wird ein Opt-out-Cookie gesetzt, das die zuk\u00fcnftige Erfassung Deiner Daten beim Besuch dieser Website verhindert. Der Opt-out-Cookie gilt nur in diesem Browser und nur f\u00fcr meine Website und wird auf Deinem Ger\u00e4t abgelegt. L\u00f6schst Du die Cookies in diesem Browser, musst Du das Opt-out-Cookie erneut setzen.<\/p><p>Weitere Informationen zum Datenschutz im Zusammenhang mit Google Analytics findest Du etwa in der <strong>Google Analytics-Hilfe<\/strong> <a href=\"http:\/\/(https:\/support.google.com\/analytics\/answer\/6004245?hl=de)\" target=\"_blank\" rel=\"noopener\" data-wplink-url-error=\"true\">(https:\/\/support.google.com\/analytics\/answer\/6004245?hl=de)<\/a>.<\/p><ol start=\"6\"><li><strong> Betroffenenrechte<\/strong><\/li><\/ol><p>Du hast das Recht:<\/p><ul><li>gem\u00e4\u00df Art. 15 DSGVO Auskunft \u00fcber Deine von mir verarbeiteten personenbezogenen Daten zu verlangen. Insbesondere kannst Du Auskunft \u00fcber die Verarbeitungszwecke, die Kategorie der personenbezogenen Daten, die Kategorien von Empf\u00e4ngern, gegen\u00fcber denen Deiner Daten offengelegt wurden oder werden, die geplante Speicherdauer, das Bestehen eines Rechts auf Berichtigung, L\u00f6schung, Einschr\u00e4nkung der Verarbeitung oder Widerspruch, das Bestehen eines Beschwerderechts, die Herkunft Deiner Daten, sofern diese nicht bei mir erhoben wurden, sowie \u00fcber das Bestehen einer automatisierten Entscheidungsfindung einschlie\u00dflich Profiling und ggf. aussagekr\u00e4ftigen Informationen zu deren Einzelheiten verlangen;<\/li><li>gem\u00e4\u00df Art. 16 DSGVO unverz\u00fcglich die Berichtigung unrichtiger oder Vervollst\u00e4ndigung Deiner bei mir gespeicherten personenbezogenen Daten zu verlangen;<\/li><li>gem\u00e4\u00df Art. 17 DSGVO die L\u00f6schung Deiner bei mir gespeicherten personenbezogenen Daten zu verlangen, soweit nicht die Verarbeitung zur Aus\u00fcbung des Rechts auf freie Meinungs\u00e4u\u00dferung und Information, zur Erf\u00fcllung einer rechtlichen Verpflichtung, aus Gr\u00fcnden des \u00f6ffentlichen Interesses oder zur Geltendmachung, Aus\u00fcbung oder Verteidigung von Rechtsanspr\u00fcchen erforderlich ist;<\/li><li>gem\u00e4\u00df Art. 18 DSGVO die Einschr\u00e4nkung der Verarbeitung Deiner personenbezogenen Daten zu verlangen, soweit die Richtigkeit der Daten von Dir bestritten wird, die Verarbeitung unrechtm\u00e4\u00dfig ist, Du aber deren L\u00f6schung ablehnst und ich die Daten nicht mehr ben\u00f6tigen, Du jedoch diese zur Geltendmachung, Aus\u00fcbung oder Verteidigung von Rechtsanspr\u00fcchen ben\u00f6tigst oder Du gem\u00e4\u00df Art. 21 DSGVO Widerspruch gegen die Verarbeitung eingelegt hast;<\/li><li>gem\u00e4\u00df Art. 20 DSGVO Deine personenbezogenen Daten, die Du mir bereitgestellt hast, in einem strukturierten, g\u00e4ngigen und maschinenlesebaren Format zu erhalten oder die \u00dcbermittlung an einen anderen Verantwortlichen zu verlangen;<\/li><li>gem\u00e4\u00df Art. 7 Abs. 3 DSGVO Deine einmal erteilte Einwilligung jederzeit gegen\u00fcber mir zu widerrufen. Dies hat zur Folge, dass ich die Datenverarbeitung, die auf dieser Einwilligung beruhte, f\u00fcr die Zukunft nicht mehr fortf\u00fchren darf und<\/li><li>gem\u00e4\u00df Art. 77 DSGVO sich bei einer Aufsichtsbeh\u00f6rde zu beschweren. In der Regel kannst Du Dich\u00a0 hierf\u00fcr an die Aufsichtsbeh\u00f6rde Deines \u00fcblichen Aufenthaltsortes oder Arbeitsplatzes oder meines Kanzleisitzes wenden.<\/li><\/ul><ol start=\"7\"><li><strong> Widerspruchsrecht<\/strong><\/li><\/ol><p>Sofern Deine personenbezogenen Daten auf Grundlage von berechtigten Interessen gem\u00e4\u00df Art. 6 Abs. 1 S. 1 lit. f DSGVO verarbeitet werden, hast Du das Recht, gem\u00e4\u00df Art. 21 DSGVO Widerspruch gegen die Verarbeitung Deiner personenbezogenen Daten einzulegen, soweit daf\u00fcr Gr\u00fcnde vorliegen, die sich aus Deiner besonderen Situation ergeben oder sich der Widerspruch gegen Direktwerbung richtet. Im letzteren Fall hast Du ein generelles Widerspruchsrecht, das ohne Angabe einer besonderen Situation von mir umgesetzt wird.<\/p><p>M\u00f6chtest Du von Deinem Widerrufs- oder Widerspruchsrecht Gebrauch machen, gen\u00fcgt eine E-Mail an <a href=\"mailto:info@RASchweden.de\" target=\"_blank\" rel=\"noopener\">info@RASchweden.de<\/a> .<\/p><ol start=\"8\"><li><strong> Aktualit\u00e4t und \u00c4nderung dieser Datenschutzerkl\u00e4rung<\/strong><\/li><\/ol><p>Diese Datenschutzerkl\u00e4rung ist aktuell g\u00fcltig und hat den Stand Mai 2018.<\/p><p>Durch die Weiterentwicklung meiner Website und Angebote dar\u00fcber oder aufgrund ge\u00e4nderter gesetzlicher beziehungsweise beh\u00f6rdlicher Vorgaben kann es notwendig werden, diese Datenschutzerkl\u00e4rung zu \u00e4ndern. Die jeweils aktuelle Datenschutzerkl\u00e4rung kann jederzeit auf der Website unter <a href=\"http:\/\/www.RASchweden.de\/Datenschutzerkl\u00e4rung\">www.RASchweden.de\/Datenschutzerkl\u00e4rung<\/a> von Dir abgerufen und ausgedruckt werden.<\/p><p><sup>1<\/sup> Datenschutzbeh\u00f6rden verlangen f\u00fcr den zul\u00e4ssigen Einsatz von Google Analytics den Abschluss einer Auftragsdatenverarbeitungs-Vereinbarung. Eine entsprechende Vorlage wird unter <a href=\"http:\/\/www.google.com\/analytics\/terms\/de.pdf\" target=\"_blank\" rel=\"noopener\">http:\/\/www.google.com\/analytics\/terms\/de.pdf<\/a> von Google angeboten.<\/p>\t\t\t\t\t\t<\/div>\n\t\t\t\t<\/div>\n\t\t\t\t\t<\/div>\n\t\t<\/div>\n\t\t\t\t\t<\/div>\n\t\t<\/section>\n\t\t\t\t<\/div>\n\t\t","protected":false},"excerpt":{"rendered":"<p>Erhebung und Speicherung personenbezogener Daten sowie Art und Zweck von deren Verwendung a) Beim Besuch der Website Beim Aufrufen meiner Website www.RASchweden.de werden durch den auf Deinem Endger\u00e4t zum Einsatz kommenden Browser automatisch Informationen an den Server meiner Website gesendet. Diese Informationen werden tempor\u00e4r in einem sog. Logfile gespeichert. Folgende Informationen werden dabei ohne Dein [&hellip;]<\/p>\n","protected":false},"author":1,"featured_media":0,"parent":0,"menu_order":0,"comment_status":"closed","ping_status":"closed","template":"","meta":{"ocean_post_layout":"","ocean_both_sidebars_style":"","ocean_both_sidebars_content_width":0,"ocean_both_sidebars_sidebars_width":0,"ocean_sidebar":"0","ocean_second_sidebar":"0","ocean_disable_margins":"enable","ocean_add_body_class":"","ocean_shortcode_before_top_bar":"","ocean_shortcode_after_top_bar":"","ocean_shortcode_before_header":"","ocean_shortcode_after_header":"","ocean_has_shortcode":"","ocean_shortcode_after_title":"","ocean_shortcode_before_footer_widgets":"","ocean_shortcode_after_footer_widgets":"","ocean_shortcode_before_footer_bottom":"","ocean_shortcode_after_footer_bottom":"","ocean_display_top_bar":"on","ocean_display_header":"on","ocean_header_style":"","ocean_center_header_left_menu":"0","ocean_custom_header_template":"0","ocean_custom_logo":0,"ocean_custom_retina_logo":0,"ocean_custom_logo_max_width":0,"ocean_custom_logo_tablet_max_width":0,"ocean_custom_logo_mobile_max_width":0,"ocean_custom_logo_max_height":0,"ocean_custom_logo_tablet_max_height":0,"ocean_custom_logo_mobile_max_height":0,"ocean_header_custom_menu":"0","ocean_menu_typo_font_family":"0","ocean_menu_typo_font_subset":"","ocean_menu_typo_font_size":0,"ocean_menu_typo_font_size_tablet":0,"ocean_menu_typo_font_size_mobile":0,"ocean_menu_typo_font_size_unit":"px","ocean_menu_typo_font_weight":"","ocean_menu_typo_font_weight_tablet":"","ocean_menu_typo_font_weight_mobile":"","ocean_menu_typo_transform":"","ocean_menu_typo_transform_tablet":"","ocean_menu_typo_transform_mobile":"","ocean_menu_typo_line_height":0,"ocean_menu_typo_line_height_tablet":0,"ocean_menu_typo_line_height_mobile":0,"ocean_menu_typo_line_height_unit":"","ocean_menu_typo_spacing":0,"ocean_menu_typo_spacing_tablet":0,"ocean_menu_typo_spacing_mobile":0,"ocean_menu_typo_spacing_unit":"","ocean_menu_link_color":"","ocean_menu_link_color_hover":"","ocean_menu_link_color_active":"","ocean_menu_link_background":"","ocean_menu_link_hover_background":"","ocean_menu_link_active_background":"","ocean_menu_social_links_bg":"","ocean_menu_social_hover_links_bg":"","ocean_menu_social_links_color":"","ocean_menu_social_hover_links_color":"","ocean_disable_title":"on","ocean_disable_heading":"default","ocean_post_title":"","ocean_post_subheading":"","ocean_post_title_style":"","ocean_post_title_background_color":"","ocean_post_title_background":0,"ocean_post_title_bg_image_position":"","ocean_post_title_bg_image_attachment":"","ocean_post_title_bg_image_repeat":"","ocean_post_title_bg_image_size":"","ocean_post_title_height":0,"ocean_post_title_bg_overlay":0.5,"ocean_post_title_bg_overlay_color":"","ocean_disable_breadcrumbs":"default","ocean_breadcrumbs_color":"","ocean_breadcrumbs_separator_color":"","ocean_breadcrumbs_links_color":"","ocean_breadcrumbs_links_hover_color":"","ocean_display_footer_widgets":"default","ocean_display_footer_bottom":"default","ocean_custom_footer_template":"0","footnotes":""},"class_list":["post-37","page","type-page","status-publish","hentry","entry"],"_links":{"self":[{"href":"https:\/\/www.raschweden.de\/index.php\/wp-json\/wp\/v2\/pages\/37","targetHints":{"allow":["GET"]}}],"collection":[{"href":"https:\/\/www.raschweden.de\/index.php\/wp-json\/wp\/v2\/pages"}],"about":[{"href":"https:\/\/www.raschweden.de\/index.php\/wp-json\/wp\/v2\/types\/page"}],"author":[{"embeddable":true,"href":"https:\/\/www.raschweden.de\/index.php\/wp-json\/wp\/v2\/users\/1"}],"replies":[{"embeddable":true,"href":"https:\/\/www.raschweden.de\/index.php\/wp-json\/wp\/v2\/comments?post=37"}],"version-history":[{"count":13,"href":"https:\/\/www.raschweden.de\/index.php\/wp-json\/wp\/v2\/pages\/37\/revisions"}],"predecessor-version":[{"id":226,"href":"https:\/\/www.raschweden.de\/index.php\/wp-json\/wp\/v2\/pages\/37\/revisions\/226"}],"wp:attachment":[{"href":"https:\/\/www.raschweden.de\/index.php\/wp-json\/wp\/v2\/media?parent=37"}],"curies":[{"name":"wp","href":"https:\/\/api.w.org\/{rel}","templated":true}]}}